 + 4. Let k(c) = 2*c**2 - c + 1. Calculate k(n).
11
Let j(a) = -7*a**2 + 2*a + 3. Let v be j(2). Let h = 21 + v. Suppose h = b + x + 3, -1 = -b - 5*x - 12. Let s(o) = 7*o. Give s(b).
-7
Suppose -4*u + 36 = -4*p, 4*p - 3*p = 2*u - 18. Suppose -4*g - 15 = -u*g. Let s(a) = -4*a. What is s(g)?
-12
Let q(z) = z**3 + 3*z**2 - 9*z + 15. Let r(m) = m**3 + m**2 - 8*m + 15. Let u(t) = 7*q(t) - 6*r(t). Determine u(-16).
-1
Let j(b) = b + 20 + 13 - 33 + 6*b. Determine j(-6).
-42
Let u = 15 + -14. Let v(o) = -o**2 + 1. Let s(z) = -z**3 - 3*z**2 - z + 7. Let x(l) = u*s(l) - 6*v(l). Calculate x(3).
-2
Let f(a) = a**3 - 2*a**2 - a + 4. Let c(t) = 28*t + 60. Let x be c(-2). Determine f(x).
32
Let k be 154/30 + 14/(-105). Let j(r) = -310 + 310 - k*r + 4*r. Determine j(3).
-3
Let k(o) be the third derivative of 13*o**4/24 + 96*o**2. Determine k(-5).
-65
Let r(k) = k**3 + 11*k**2 + 7*k + 9. Let s(h) = -4*h**3 - 46*h**2 - 28*h - 37. Let u(d) = 9*r(d) + 2*s(d). Calculate u(-6).
1
Suppose -5*s + 18 + 7 = 0. Let v(r) = 2 - 4*r + s*r**2 - r**3 + 2*r + 2. Suppose -2*t - 4 = 2*l - 4*l, l = -4*t + 17. Give v(l).
-6
Let u(v) = -v**2 - 9*v - 3. Suppose 3*j + 29 - 129 = -2*c, -c = -2. Let k = 24 - j. Give u(k).
5
Let r(v) = -v**3 - v - 2. Let f be (-15)/6*18/(-15). Suppose f*z - 6 = -12. Let h = -4 - z. Give r(h).
8
Let j(g) = -2*g + 9. Suppose 0 = -k + 4*z - 7, -7*k + 37 = -2*k + 4*z. Determine j(k).
-1
Let d(o) be the third derivative of -o**4/12 + 19*o**3/3 + 103*o**2 - o. Calculate d(23).
-8
Let u(i) = i**2 - 6*i + 3. Suppose 3*d = 5*t - 25, 4*d = -t + 5 - 0. Calculate u(t).
-2
Let a(r) = -r - 1. Let g be a(-5). Let v be g/14 - 72/(-42). Let m(k) = 2*k**2 + 5 - 2*k**3 + 0*k**3 - 3. Calculate m(v).
-6
Let v(a) = -3*a + 2. Suppose -27 - 1 = -4*m. Suppose -5*r + 11 = -2*c, -m*r + 3*r = 3*c - 18. Give v(c).
-4
Let s(l) = 3 - 5 - 1 + 4*l. Suppose 0 = 3*f - 0*f + 5*p - 15, 4*f - 3*p = 20. Suppose 0 = f*d - 2 - 18. What is s(d)?
13
Let z be ((-9)/(-6))/(-1 - 1/(-2)). Let v(u) be the third derivative of u**5/60 + u**3/3 - 5*u**2. Give v(z).
11
Let q(c) be the second derivative of -c**5/60 + c**4/8 + 5*c**3/6 + 15*c**2/2 + 14*c. Let n(a) be the first derivative of q(a). Determine n(-4).
-23
Suppose -5*z + 3*f = 1 - 25, -4*z - 2*f = -6. Let v(o) = 4*o + 4. Let x(g) = 1. Let b(t) = v(t) - 3*x(t). What is b(z)?
13
Let y(v) = 4*v**3 + 11*v**2 + v + 9. Let r(l) = l**3 + l**2 + l + 2. Let x(o) = -5*r(o) + y(o). Give x(4).
15
Let o = 832 - 820. Let u(a) = a**3 - 12*a**2 - a + 5. Give u(o).
-7
Let w(b) = 3*b + 92. Let u(g) = g + 34. Let y(n) = -8*u(n) + 3*w(n). What is y(3)?
7
Suppose -15*v = -20*v + 25. Let b(g) = 0*g**3 + 3 - v*g**2 - g + 2*g + g**3 + 4*g. What is b(4)?
7
Let o(l) = -3*l**2 + 43*l - 15. Let n be o(14). Let m(p) = -9*p - 1. Give m(n).
8
Let c be -2 + 1/((-1)/(-10)). Suppose c - 2 = -w. Let d(i) be the third derivative of i**5/60 + i**4/6 + 4*i**2 + 8*i. Calculate d(w).
12
Let l(o) = -3*o**3 + 3*o**2 + 12*o - 5. Let b(p) = -2*p**3 + 6*p - 2. Let i(h) = 5*b(h) - 3*l(h). What is i(-8)?
-11
Let v(s) = 4*s - 6. Suppose 0 = 2*m + 2*m - 8. Suppose m*q - 5*j = -6, -j - 6 = -3*q - q. Suppose 0 = 3*a + 2*w - 20, q*a - 4*w + 2*w = 0. Determine v(a).
10
Let j(s) = s**3 - 3*s**2 + s. Let b be (-2)/(-3)*-3 + 8. Suppose -b = -4*f + 2*f. Suppose 0 = -5*z + 25, -5*y - 4*z + 24 = -f*y. Determine j(y).
-2
Let w be 4*5/(10/3). Let b(g) = g - 10. Let x be b(w). Let m(l) = -3*l**2 - 3*l + 2. Let z(i) = 16*i**2 + 16*i - 11. Let u(j) = -11*m(j) - 2*z(j). Give u(x).
12
Let g(w) = -2*w**2 + 16*w - 2. Let f(k) = -k**2 + 8*k - 1. Suppose 5*o + 7 = -4*r, -2*o + 2 = -r + 10. Let p(c) = o*g(c) + 5*f(c). What is p(6)?
-11
Let d(l) = -9*l**3 + l**2 - 7*l - 20. Let x(v) = -v**3 - v - 1. Let m(g) = d(g) - 6*x(g). Let p(q) be the first derivative of m(q). Determine p(1).
-8
Let p(f) = f - 1. Let x = -68 + -2. Let a be (42/x)/((-1)/(-5)). Calculate p(a).
-4
Let b(j) = -2*j + 17. Suppose -4*m = -4*p + 20, 11*p = 14*p - 2*m - 20. Give b(p).
-3
Let y be (-1)/(-5) + ((-260)/(-24) - 11). Let n(a) be the third derivative of -1/120*a**6 - 1/6*a**3 - 1/24*a**4 + 9*a**2 + 0 - y*a**5 + 0*a. Determine n(-2).
1
Let r(l) be the third derivative of l**5/60 - 5*l**4/24 + l**3 - 23*l**2 + 2*l. Calculate r(4).
2
Let z(q) = -q**3 + 8*q**2 - 10*q + 8. Let f(i) = 4*i + 34. Let d be f(-7). Calculate z(d).
20
Let s(i) = 3*i + 4. Let a(o) = -o - 2. Let f(z) = -5*a(z) - 2*s(z). Let l = 28 + -47. Let m = 14 + l. Determine f(m).
7
Let s(i) = -i**3 - 4*i**2 - i - 5. Let q(p) = -p + 1. Let d(v) = 2*q(v) + s(v). Calculate d(-4).
9
Let z(r) be the third derivative of -r**4/24 + 5*r**3/2 - 29*r**2 + r. What is z(12)?
3
Let z(g) = -g + 12. Let n be z(0). Let s = -6 + n. Let a(v) = s + 5 + v + 1 - 7. Determine a(6).
11
Let x(m) = -m**3 + 24 + 92*m + 98*m - 189*m. Calculate x(0).
24
Let w = 738 - 748. Let c(g) = g**3 + 10*g**2 + 2*g + 1. Calculate c(w).
-19
Let n(b) be the first derivative of b**4/4 + b**3/3 - b**2/2 - 7*b + 103. Determine n(0).
-7
Suppose 0 = -0*w - 3*w + 21. Let g(v) = v**2 - 2*v**2 + 6*v + 6 + 0*v**2. What is g(w)?
-1
Let k(h) be the second derivative of 0 + 9/2*h**2 - 6*h - 1/12*h**4 + 1/2*h**3. Let j(a) be the first derivative of k(a). What is j(4)?
-5
Let y(v) = -3*v + 8. Let g(i) = 10*i - 23. Let f(c) = 3*g(c) + 8*y(c). Let q(u) = -u + 1. Let n(a) = -f(a) - 5*q(a). What is n(-4)?
4
Let p(o) = -2*o - 28. Let j(t) = 2*t + 34. Let m(v) = -2*j(v) - 3*p(v). Calculate m(-9).
-2
Let a = 47 + -39. Let h be -10*(-12 + 14)/(a/2). Let r(o) = o + 7. What is r(h)?
2
Let q(n) = n**3 + 4*n**2 + 5*n + 3. Let a(k) = -38*k - 78. Let d be a(-2). Calculate q(d).
1
Let q(t) be the first derivative of t**2 + 25*t + 223. Determine q(-9).
7
Let u(g) = -g**2 - 5*g - 1. Let r(i) = -i**3 - 2*i**2 - 5*i - 26. Let x be r(-3). Determine u(x).
5
Let j(c) = c**3 + 6*c**2 + 5*c + 5. Let p = 1368 + -1374. Calculate j(p).
-25
Let b(r) = 2*r + 12. Suppose 2*c + 133 = j - 2*j, 2 = -2*j. Let y = c + 58. Give b(y).
-4
Let w(c) = -3*c - 7. Let s(i) = -4*i - 8. Let l(g) = -2*s(g) + 3*w(g). Let m = 201 + -196. Give l(m).
-10
Let o(z) = 13*z - 1. Suppose -24*g - 15 = -19*g. What is o(g)?
-40
Suppose -60*z = -45*z + 90. Let g(d) = -2*d - 17. Determine g(z).
-5
Let o(l) be the third derivative of l**6/360 + l**5/20 + 7*l**4/24 + l**3 - 14*l**2. Let w(g) be the first derivative of o(g). What is w(-6)?
7
Let d(h) = -14*h + 8*h + 4*h + 2*h**2 + 5*h. What is d(-3)?
9
Let l(o) = -o**3 + 245*o**2 - 2 - 2 - 255*o**2. Calculate l(-10).
-4
Let b(s) be the second derivative of -3*s**3/2 - 31*s**2/2 + 158*s. What is b(-5)?
14
Let s = 2 - -4. Let o(x) = -s + 12 - 6 - x. Calculate o(7).
-7
Let y(q) = 68*q**3 + 4 + 2*q**2 + 2 + 5 - 69*q**3 + 0. Determine y(5).
-64
Let u = 6 + -3. Let h(w) = w**u + 0*w**2 + 5*w**2 + 0 + 2*w - 2 + 0*w**2. Let v = -8 + 4. What is h(v)?
6
Let s = -2 - -1. Let k(w) = -17*w**2 - 1 - 9*w**2 + 13*w**3 - 16*w**2 + 42*w**2. Give k(s).
-14
Suppose -5*q + 4*d = 75, -29*d = -30*d. Let o(a) = 3*a + 55. Give o(q).
10
Let v(c) = -9*c + 1. Let n(w) = 11*w. Let h(k) = 4*n(k) + 5*v(k). Let l = -34 - -34. Determine h(l).
5
Suppose 3*o = p - 684, 5*p + 3*o + o = 3325. Suppose 1314 + p = 3*z. Let b(l) = l + 661 - z. Calculate b(-1).
-1
Let c be 3*(20/6 + -4). Let m(q) be the first derivative of 7*q**2/2 + 3*q + 8. Give m(c).
-11
Let g be 2 + 1 + 1 - 1. Suppose -g*s - 6 = -5*s. Let n(b) = -b + 3*b - 3*b. Calculate n(s).
-3
Let h(r) = -5*r**2 + 15*r + 13. Let z(v) = -6*v**2 + 17*v + 13. Let g(w) = 5*h(w) - 4*z(w). Give g(9).
-5
Let l(m) = m**3 - 7*m**2 + 6*m + 7. Suppose -4*h + 14 = 6. Suppose h*o + 2 = a + a, -a + 26 = 4*o. Determine l(a).
7
Let v(b) = -5*b**3 - 13*b**2. Let t(x) = -x**3 - x**2 - x - 1. Let q(y) = 2*y + 6. Let i be q(-6). Let s(f) = i*t(f) + v(f). Calculate s(6).
6
Let v(n) = 79 - 233 + 2*n + 89 + 79. Give v(-12).
-10
Let n(o) = -6*o - 5. Suppose -171 = 19*b - 57. Calculate n(b).
31
Suppose -4*b + 15 = -3*k, -3*b + 3*k + 15 = 2*k. Let v be 0/(b/15*5). Let t(g) = -g**2 - g + 9. What is t(v)?
9
Let l(x) = 13*x. Let z(y) = y**3 + 2*y**2 - 7*y - 13. Let f be z(-3). Calculate l(f).
-13
Let t(u) = -u**3 + 4*u**2 + 10*u - 9. Let k(l) = l**2 + 2*l - 1. Let q(w) = 5*k(w) - t(w). Calculate q(0).
4
Suppose x + 4*y + 30 = 6*x, -3*x + y = -25. Suppose 5